
18
Suppose 4*h + 223 = -13. Let x = h + 104. What is the remainder when x is divided by 23?
22
Suppose -5*o + 3 + 22 = 0. Suppose 8*h - o*h - 3 = 0. What is the remainder when h is divided by 1?
0
Let z(a) = 2*a**2 + a + 4. Let x(g) = 13*g + 16. Let v be x(-2). What is the remainder when 16*(-4 - 75/v) is divided by z(-3)?
18
Suppose -u + 3*u = -3*a + 2183, 5*u = 4*a + 5423. Calculate the remainder when u is divided by 52.
47
Suppose 0 = 7*q - 2*q - 45. Suppose 0 = -4*n, -28 = -4*u + 15*n - 16*n. Calculate the remainder when q is divided by u.
2
Let i = 12 - -9. Let o = -20 + i. Suppose -4*k + 49 = o. What is the remainder when 21 is divided by k?
9
Let f = 1383 + -1119. Calculate the remainder when f is divided by 7.
5
Suppose -4*k + 2520 = -1436. What is the remainder when k is divided by 66?
65
What is the remainder when 129 is divided by 15/9*(-8 + 14)?
9
Suppose 3*h = 147 - 6 - 9. Suppose -3*c - 4*q + 20 = 0, -2*c + 0*c = 2*q - 16. What is the remainder when h is divided by c?
8
Calculate the remainder when (-3 - (-13 + 6)) + 1666 is divided by 76.
74
Suppose 167 = 3*z - 2*t, 2*z + 5*t - 94 = 2*t. Let u = -79 + 152. What is the remainder when z is divided by 1/(-4) + u/4?
17
Suppose 258*c - 140 = 254*c. Calculate the remainder when 44 is divided by c.
9
What is the remainder when 88 is divided by (9 + 4 - -6) + -1?
16
Let k(a) = -a - 5. Let w be k(-2). What is the remainder when 24 is divided by (3/w)/((-7)/63)?
6
Suppose -10*z = 16 - 506. Calculate the remainder when 535 is divided by z.
45
Suppose -11*l - 44 = -594. Calculate the remainder when 109 is divided by l.
9
Let r(t) = -t**3 + 5*t**2 + t - 5. Let a be r(5). Let m = a - 3. Calculate the remainder when 26 is divided by -2*m/(-18)*-42.
12
Let f(k) = 38*k**3 + 2*k**2 - 2*k + 1. What is the remainder when ((-616)/16)/(3 - 21/6) is divided by f(1)?
38
Suppose 4*b + 48 = 3*z, 60 = 5*z + 4*b + 12. What is the remainder when 119 is divided by z?
11
Let k(d) = 3*d + 14. Let t be k(-5). What is the remainder when -1 + (1 - (2 - 42) - t) is divided by 7?
6
Calculate the remainder when 1*(-26 - 3)*(-21)/3 is divided by 41.
39
Let a = 57 + -4. Let g = -42 + a. What is the remainder when 41 is divided by g?
8
Let v(l) = -2*l - 6. Let k be v(-4). Suppose 4*y = -20, k*y + 2*y = 5*s - 100. Calculate the remainder when 44 is divided by s.
12
Suppose 3*q - 234 = -3*x, 2*q + 2 - 12 = 0. Calculate the remainder when 1530 is divided by x.
70
Let x(y) = -y**2 + 10*y + 4. Let u(v) = -44*v + 213. What is the remainder when u(3) is divided by x(6)?
25
Let d(c) = c**3 + 10*c**2 + 4*c + 3. Let k be d(-8). Let r = k + -74. What is the remainder when 147 is divided by r?
22
Suppose -2*p + 49 = 3*d, 4*d + 7 = -4*p + 107. Suppose -9 = -6*y + 3*y. Suppose y*i - p = 43. Calculate the remainder when 43 is divided by i.
20
Let x(c) = 3*c + 67 - 15*c - 29 + 5*c. What is the remainder when x(-15) is divided by 18?
17
Suppose -2*d + 3*q + 123 = 0, -5*d + 0*q - q = -316. What is the remainder when d is divided by 11?
8
Let p(v) be the third derivative of -v**5/60 + v**4/8 - v**3/6 + 8*v**2. Calculate the remainder when p(2) is divided by 1.
0
Let k = 117 + -105. Calculate the remainder when 20 is divided by k.
8
Let w = -82 - -126. Suppose 3*j + w = 2*d, -5*j + 135 = d + 4*d. What is the remainder when d is divided by 9?
7
Let u(x) = 2*x**2 - 9*x - 14. Let g be u(6). Suppose -g*z + 9*z - 75 = 0. Calculate the remainder when 89 is divided by z.
14
Let z(h) = h**2 - 2*h - 13. Let o be z(8). What is the remainder when 2/(-10) + 952/o is divided by 14?
13
Suppose 2*j + 2*z = z + 609, -2*z = j - 309. Calculate the remainder when j is divided by 14.
9
Suppose 59 = 4*c - 13. Let m(y) = -y - 2. Let i be m(-3). What is the remainder when c is divided by 62/6 + 4/6*i?
7
Suppose 3*m - 5*m - 150 = -5*i, -2*i = 3*m - 41. What is the remainder when 4892/44 - (-6)/(-33) is divided by i?
27
Suppose -11*k = -15*k - 300. Let q = -36 - k. What is the remainder when q is divided by 21?
18
Let x = -146 + 288. What is the remainder when x is divided by 11?
10
Let u = -80 - -87. Suppose -o = -3*t - 91, -3*o + 0*t + t + 233 = 0. What is the remainder when o is divided by u?
6
Let k = 0 + -4. Calculate the remainder when 11 is divided by (k - (-5 - 0))*2.
1
Suppose -28*m = -11*m - 20*m + 36. Calculate the remainder when (-1)/((-4)/(-162))*-2 is divided by m.
9
Let f(h) = 2*h**2 + h + 4. Let g(u) = -u**3 - u - 38. Let t be g(0). Let v = t - -58. Calculate the remainder when f(5) is divided by v.
19
Suppose 23*b - 25*b + 26 = 3*j, -2*j = b - 12. Suppose 4*g + 3*z - 30 - 281 = 0, -3 = -3*z. Calculate the remainder when g is divided by b.
13
Suppose -m + 126 = 2*m. Calculate the remainder when 906/7 - (-24)/m is divided by 33.
31
Suppose 44 - 32 = 3*z. Suppose -z*n + 197 = n - 3*k, n - 57 = 5*k. What is the remainder when n is divided by 8?
5
Let i = 6 - 4. Suppose 3*n + 2*g - 14 = 0, -13 - 12 = -5*n - 5*g. Suppose -x = x - n. What is the remainder when x is divided by i?
0
Let m(k) = -k**3 - 9*k**2 + 8*k + 8. Let n = -42 + 32. Let c(x) = x + 10. What is the remainder when m(n) is divided by c(0)?
8
Let j(g) = -g - 5. Suppose -3*f + 0*f - 15 = 0. Let h be j(f). Suppose z = -h + 10. What is the remainder when 29 is divided by z?
9
Suppose 15 = 3*o + 6. What is the remainder when 9/(-6 + 1*(-189)/(-28)) is divided by o?
0
Suppose -5*i = 0, 70 = 5*l + 2*i - 5. What is the remainder when 44 is divided by l?
14
Suppose -7*l + 3*n + 28 = -3*l, 0 = -l - 4*n - 12. Let t be ((-2)/(-4))/(1/34). Calculate the remainder when (t/l)/(2/16) is divided by 7.
6
Suppose -10*h - 20 = -14*h, 5*m - 3*h - 445 = 0. Calculate the remainder when m is divided by 53.
39
Let m be 9/((-27)/(-78))*2. Suppose 9*f + m = 13*f. What is the remainder when 22 is divided by f?
9
Let j = -113 - -202. Calculate the remainder when j is divided by 24.
17
Suppose 48 = 27*m - 303. Calculate the remainder when 44 is divided by m.
5
Let h(w) = w**3 - 6*w**2 - 5*w - 7. Let s(q) = -q + 1. Let p be s(-6). Suppose 3*k - 76 = -37. Calculate the remainder when k is divided by h(p).
6
Suppose y = 4*y - 285. Calculate the remainder when y is divided by 20.
15
Suppose -2*n - 3*n - 3*u = -8, n = u + 8. Suppose -5*i - 6 = -n*i. What is the remainder when 29 is divided by (1*8)/((-3)/i)?
13
Suppose -3*o = 5*y - 55, 0*y + o = 2*y - 11. What is the remainder when 41 is divided by y?
1
Let r = -410 + 584. Calculate the remainder when r is divided by (-1)/((-6)/3 - (-435)/220).
42
Suppose -20 - 55 = -5*a. Suppose -7*l + 9*l = 42. Let q = 36 + l. Calculate the remainder when q is divided by a.
12
Let p(n) = -13*n + 32 - 75 + 23. What is the remainder when p(-3) is divided by 10?
9
Let j(o) = o**2 - 4*o + 5. Let g = -848 + 856. What is the remainder when g is divided by j(4)?
3
Suppose -274 = 39*t - 41*t. What is the remainder when t is divided by 35?
32
Let y = 977 + -861. Calculate the remainder when y is divided by 41.
34
Suppose -4*d - 172 - 540 = 0. Let u = -104 - d. What is the remainder when u is divided by 25?
24
Let r(s) = 52*s. Let x be r(-1). Let a be -1*0/(-3) - -74. Let j = x + a. Calculate the remainder when j is divided by 6.
4
Let n = -14 - -20. Suppose 2*q - n*q + 4*m - 136 = 0, 3*q = -2*m - 117. Let d = 72 + q. What is the remainder when d is divided by 12?
11
Let v(j) = j**2 - 14*j + 8. What is the remainder when 45 is divided by v(14)?
5
Let b(p) be the second derivative of p**4/12 + 2*p**3/3 - 9*p**2/2 - p. Let v = 880 - 875. Calculate the remainder when b(v) is divided by 19.
17
Suppose -r + 27 = 2*r. Suppose 4*l - 33 = -r. Calculate the remainder when -2 - (-11)/((-22)/(-24)) is divided by l.
4
Let t(g) be the first derivative of -g**3/3 - 9*g**2/2 - 3*g + 11. What is the remainder when t(-5) is divided by 6?
5
Suppose -4*f + m = -21, 4*f - 22 = -0*f + 2*m. Suppose -f = -r + 3. Calculate the remainder when 2*(316/r - -2) is divided by 12.
11
What is the remainder when 15 is divided by (2/3*1)/((-202)/(-303))?
0
Let z = -64 - -141. Suppose 0*f = -3*f - 5*n + z, -f = 4*n - 35. What is the remainder when f is divided by 4?
3
Let m be -2 - (2 - 2) - -4. Suppose -28 = -m*v - 4. Let x(k) = k**3 - 8*k**2 + 5. Calculate the remainder when v is divided by x(8).
2
Suppose 2*c = 4*w - 6, 5*